{"id":9,"date":"2011-03-17T13:33:04","date_gmt":"2011-03-17T13:33:04","guid":{"rendered":"http:\/\/localhost\/sbdb\/?page_id=9"},"modified":"2023-09-19T06:51:16","modified_gmt":"2023-09-19T06:51:16","slug":"volene-organy","status":"publish","type":"page","link":"https:\/\/www.sbdbilina.cz\/?page_id=9","title":{"rendered":"Volen\u00e9 org\u00e1ny"},"content":{"rendered":"<table style=\"height: 201px;\" border=\"1\" width=\"610\" cellspacing=\"0\" cellpadding=\"5\" align=\"center\">\n<tbody>\n<tr>\n<th colspan=\"2\" align=\"left\" width=\"517\">P\u0159edstavenstvo<\/th>\n<\/tr>\n<tr>\n<td width=\"239\">P\u0159edseda<\/td>\n<td width=\"266\"><span style=\"font-size: x-small;\">Mgr.<\/span> Michaela Hriv\u0148\u00e1kov\u00e1, Horsk\u00e1 21\/22<\/td>\n<\/tr>\n<tr>\n<td width=\"239\">M\u00edstop\u0159edseda<\/td>\n<td width=\"266\"><span style=\"font-size: x-small;\">Mgr.<\/span> Zden\u011bk Rendl, <span style=\"font-size: x-small;\">MBA,\u00a0 <\/span>Jir\u00e1skova 336<\/td>\n<\/tr>\n<tr>\n<td rowspan=\"5\" width=\"239\">\u010clenov\u00e9<\/td>\n<td width=\"266\">Nad\u011b\u017eda Maurerov\u00e1, Ji\u017en\u00ed 312<\/td>\n<\/tr>\n<tr>\n<td width=\"266\">V\u011broslav Pol\u00e1k, Jir\u00e1skova 336<\/td>\n<\/tr>\n<tr>\n<td width=\"266\"><span style=\"font-size: x-small;\">Mgr.<\/span> Zden\u011bk Svoboda,\u00a0<span style=\"font-size: x-small;\">Ph.D.<\/span>, Ji\u017en\u00ed 305<\/td>\n<\/tr>\n<\/tbody>\n<\/table>\n<table border=\"1\" width=\"531\" cellspacing=\"0\" cellpadding=\"5\" align=\"center\">\n<tbody>\n<tr>\n<th colspan=\"2\" align=\"left\" width=\"517\">Kontroln\u00ed komise<\/th>\n<\/tr>\n<tr>\n<td width=\"239\">P\u0159edseda<\/td>\n<td width=\"266\">Vladim\u00edr Klas, \u010capkova 843<\/td>\n<\/tr>\n<tr>\n<td rowspan=\"2\" width=\"239\">\u010clenov\u00e9<\/td>\n<td width=\"266\">Franti\u0161ek Jir\u00e1k, Pra\u017esk\u00e1 263<\/td>\n<\/tr>\n<tr>\n<td width=\"266\">Rostislav Petrl\u00edk, M\u00edrov\u00e1 340<\/td>\n<\/tr>\n<\/tbody>\n<\/table>\n","protected":false},"excerpt":{"rendered":"<p>P\u0159edstavenstvo<\/p>\n<p>P\u0159edseda<br \/>\nMgr. Michaela Hriv\u0148\u00e1kov\u00e1, Horsk\u00e1 21\/22<\/p>\n<p>M\u00edstop\u0159edseda<br \/>\nMgr. Zden\u011bk Rendl, MBA,\u00a0 Jir\u00e1skova 336<\/p>\n<p>\u010clenov\u00e9<br \/>\nNad\u011b\u017eda Maurerov\u00e1, Ji\u017en\u00ed 312<\/p>\n<p>V\u011broslav Pol\u00e1k, Jir\u00e1skova 336<\/p>\n<p>Mgr. Zden\u011bk Svoboda,\u00a0Ph.D., Ji\u017en\u00ed 305<\/p>\n<p>Kontroln\u00ed komise<\/p>\n<p>P\u0159edseda<br \/>\nVladim\u00edr Klas, \u010capkova 843<\/p>\n<p>\u010clenov\u00e9<br \/>\nFranti\u0161ek Jir\u00e1k, Pra\u017esk\u00e1 263<\/p>\n<p>Rostislav Petrl\u00edk, [&#8230;]<\/p>\n","protected":false},"author":1,"featured_media":0,"parent":7,"menu_order":0,"comment_status":"open","ping_status":"open","template":"","meta":{"footnotes":""},"class_list":["post-9","page","type-page","status-publish","hentry"],"_links":{"self":[{"href":"https:\/\/www.sbdbilina.cz\/index.php?rest_route=\/wp\/v2\/pages\/9","targetHints":{"allow":["GET"]}}],"collection":[{"href":"https:\/\/www.sbdbilina.cz\/index.php?rest_route=\/wp\/v2\/pages"}],"about":[{"href":"https:\/\/www.sbdbilina.cz\/index.php?rest_route=\/wp\/v2\/types\/page"}],"author":[{"embeddable":true,"href":"https:\/\/www.sbdbilina.cz\/index.php?rest_route=\/wp\/v2\/users\/1"}],"replies":[{"embeddable":true,"href":"https:\/\/www.sbdbilina.cz\/index.php?rest_route=%2Fwp%2Fv2%2Fcomments&post=9"}],"version-history":[{"count":13,"href":"https:\/\/www.sbdbilina.cz\/index.php?rest_route=\/wp\/v2\/pages\/9\/revisions"}],"predecessor-version":[{"id":884,"href":"https:\/\/www.sbdbilina.cz\/index.php?rest_route=\/wp\/v2\/pages\/9\/revisions\/884"}],"up":[{"embeddable":true,"href":"https:\/\/www.sbdbilina.cz\/index.php?rest_route=\/wp\/v2\/pages\/7"}],"wp:attachment":[{"href":"https:\/\/www.sbdbilina.cz\/index.php?rest_route=%2Fwp%2Fv2%2Fmedia&parent=9"}],"curies":[{"name":"wp","href":"https:\/\/api.w.org\/{rel}","templated":true}]}}