{"id":41,"date":"2011-04-04T08:09:19","date_gmt":"2011-04-04T08:09:19","guid":{"rendered":"http:\/\/webtest1.softex.cz\/?page_id=41"},"modified":"2016-09-05T08:32:17","modified_gmt":"2016-09-05T08:32:17","slug":"dokumenty","status":"publish","type":"page","link":"https:\/\/www.sbdbilina.cz\/?page_id=41","title":{"rendered":"Dokumenty"},"content":{"rendered":"<ul>\n<li><a title=\"DOMOVN\u00cd \u0158\u00c1D\" href=\"\/wp-content\/uploads\/rad.pdf\" target=\"_blank\">DOMOVN\u00cd \u0158\u00c1D<\/a> [PDF &#8211; 3,9 MB]<\/li>\n<li><a title=\"STANOVY SBD\" href=\"\/wp-content\/uploads\/stanovy.pdf\" target=\"_blank\">STANOVY SBD<\/a> [PDF &#8211; 685 KB]<\/li>\n<li><\/li>\n<\/ul>\n","protected":false},"excerpt":{"rendered":"<p>DOMOVN\u00cd \u0158\u00c1D [PDF &#8211; 3,9 MB]<br \/>\nSTANOVY SBD [PDF &#8211; [&#8230;]<\/p>\n","protected":false},"author":1,"featured_media":0,"parent":7,"menu_order":0,"comment_status":"closed","ping_status":"open","template":"","meta":{"footnotes":""},"class_list":["post-41","page","type-page","status-publish","hentry"],"_links":{"self":[{"href":"https:\/\/www.sbdbilina.cz\/index.php?rest_route=\/wp\/v2\/pages\/41","targetHints":{"allow":["GET"]}}],"collection":[{"href":"https:\/\/www.sbdbilina.cz\/index.php?rest_route=\/wp\/v2\/pages"}],"about":[{"href":"https:\/\/www.sbdbilina.cz\/index.php?rest_route=\/wp\/v2\/types\/page"}],"author":[{"embeddable":true,"href":"https:\/\/www.sbdbilina.cz\/index.php?rest_route=\/wp\/v2\/users\/1"}],"replies":[{"embeddable":true,"href":"https:\/\/www.sbdbilina.cz\/index.php?rest_route=%2Fwp%2Fv2%2Fcomments&post=41"}],"version-history":[{"count":18,"href":"https:\/\/www.sbdbilina.cz\/index.php?rest_route=\/wp\/v2\/pages\/41\/revisions"}],"predecessor-version":[{"id":525,"href":"https:\/\/www.sbdbilina.cz\/index.php?rest_route=\/wp\/v2\/pages\/41\/revisions\/525"}],"up":[{"embeddable":true,"href":"https:\/\/www.sbdbilina.cz\/index.php?rest_route=\/wp\/v2\/pages\/7"}],"wp:attachment":[{"href":"https:\/\/www.sbdbilina.cz\/index.php?rest_route=%2Fwp%2Fv2%2Fmedia&parent=41"}],"curies":[{"name":"wp","href":"https:\/\/api.w.org\/{rel}","templated":true}]}}