{"id":13,"date":"2011-03-17T13:34:30","date_gmt":"2011-03-17T13:34:30","guid":{"rendered":"http:\/\/localhost\/sbdb\/?page_id=13"},"modified":"2024-09-18T07:35:25","modified_gmt":"2024-09-18T07:35:25","slug":"kontakt","status":"publish","type":"page","link":"https:\/\/www.sbdbilina.cz\/?page_id=13","title":{"rendered":"Kontakt"},"content":{"rendered":"<table border=\"1\" width=\"500\" cellspacing=\"0\" cellpadding=\"0\">\n<tbody>\n<tr>\n<td colspan=\"2\"><strong>P\u0159edseda SBD<\/strong><\/td>\n<\/tr>\n<tr>\n<td width=\"58%\">Mgr. Michaela <strong>Hriv\u0148\u00e1kov\u00e1<br \/>\n<\/strong><\/td>\n<td>722 905 336 \u00a0 \u00a0 \u00a0 \u00a0 \u00a0 \u00a0 \u00a0 \u00a0 <a href=\"sbdbilina@volny.cz\">sbdbilina@volny.cz<\/a><\/td>\n<\/tr>\n<\/tbody>\n<\/table>\n<table border=\"1\" width=\"500\" cellspacing=\"0\" cellpadding=\"0\">\n<tbody>\n<tr>\n<td colspan=\"2\"><strong>M\u00edstop\u0159edseda SBD<\/strong><\/td>\n<\/tr>\n<tr>\n<td width=\"58%\">Mgr. Zden\u011bk <strong>Rendl<\/strong>, MBA<\/td>\n<td>608 222 010<br \/>\n<a tabindex=\"-1\" href=\"https:\/\/www.sbdbilina.cz\/wp-admin\/sbd.b@seznam.cz\" target=\"_blank\" rel=\"noopener\">sbd.b@seznam.cz<\/a><\/td>\n<\/tr>\n<\/tbody>\n<\/table>\n<div>\n<table border=\"1\" width=\"500\" cellspacing=\"0\" cellpadding=\"0\">\n<tbody>\n<tr>\n<td colspan=\"2\"><strong>\u010clensk\u00e1 evidence &#8211; pokladna<\/strong><\/td>\n<\/tr>\n<tr>\n<td width=\"58%\">Kate\u0159ina <strong>Proch\u00e1zka\u00a0<\/strong>&#8211; \u010dlensk\u00e1 evidence, pokladn\u00ed slu\u017eby<\/td>\n<td>739\u00a0204 977<br \/>\n<a href=\"mailto:katerina.robotova@sbdbilina.cz\">katerina.prochazka@sbdbilina.cz<\/a><\/td>\n<\/tr>\n<\/tbody>\n<\/table>\n<\/div>\n<div>\n<table border=\"1\" width=\"500\" cellspacing=\"0\" cellpadding=\"0\">\n<tbody>\n<tr>\n<td colspan=\"2\"><strong>Ekonomick\u00fd \u00fasek<\/strong><\/td>\n<\/tr>\n<tr>\n<td width=\"58%\">Ing. Irena <strong>\u0160ulcov\u00e1 <\/strong>&#8211; ekonom<\/td>\n<td>739\u00a0204 978<br \/>\n<a href=\"mailto:irena.sulcova@sbdbilina.cz\">irena.sulcova@sbdbilina.cz<\/a><\/td>\n<\/tr>\n<\/tbody>\n<\/table>\n<\/div>\n<div>\n<table border=\"1\" width=\"500\" cellspacing=\"0\" cellpadding=\"0\">\n<tbody>\n<tr>\n<td colspan=\"2\"><strong>\u00da\u010detn\u00ed a faktura\u010dn\u00ed odd\u011blen\u00ed<\/strong><\/td>\n<\/tr>\n<tr>\n<td width=\"58%\">Kate\u0159ina <strong>Chlebn\u00e1<\/strong> &#8211; evidence plateb n\u00e1jemn\u00e9ho, \u00fa\u010detn\u00ed<\/td>\n<td>739\u00a0204 979<br \/>\n<a href=\"mailto:katerina.chlebna@sbdbilina.cz\">katerina.chlebna@sbdbilina. cz<\/a><\/td>\n<\/tr>\n<\/tbody>\n<\/table>\n<\/div>\n<div>\n<table border=\"1\" width=\"500\" cellspacing=\"0\" cellpadding=\"0\">\n<tbody>\n<tr>\n<td colspan=\"2\"><strong>Technick\u00fd \u00fasek<\/strong><\/td>\n<\/tr>\n<tr>\n<td width=\"58%\">Romana <strong>Vondr\u00e1\u010dkov\u00e1<\/strong> &#8211; odborn\u00fd referent, technik<\/td>\n<td>733 734 808\u00a0 \u00a0 \u00a0 <a href=\"mailto:irena.sulcova@sbdbilina.cz\">technik@sbdbilina.cz<\/a><\/td>\n<\/tr>\n<\/tbody>\n<\/table>\n<\/div>\n<div><\/div>\n","protected":false},"excerpt":{"rendered":"<p>P\u0159edseda SBD<\/p>\n<p>Mgr. Michaela Hriv\u0148\u00e1kov\u00e1<\/p>\n<p>722 905 336 \u00a0 \u00a0 \u00a0 \u00a0 \u00a0 \u00a0 \u00a0 \u00a0 sbdbilina@volny.cz<\/p>\n<p>M\u00edstop\u0159edseda SBD<\/p>\n<p>Mgr. Zden\u011bk Rendl, MBA<br \/>\n608 222 010<br \/>\nsbd.b@seznam.cz<\/p>\n<p>\u010clensk\u00e1 evidence &#8211; pokladna<\/p>\n<p>Kate\u0159ina Proch\u00e1zka\u00a0&#8211; \u010dlensk\u00e1 evidence, pokladn\u00ed slu\u017eby<br \/>\n739\u00a0204 977<br \/>\nkaterina.prochazka@sbdbilina.cz<\/p>\n<p>Ekonomick\u00fd \u00fasek<\/p>\n<p>Ing. Irena \u0160ulcov\u00e1 &#8211; ekonom<br \/>\n739\u00a0204 978<br \/>\nirena.sulcova@sbdbilina.cz<\/p>\n<p>\u00da\u010detn\u00ed a faktura\u010dn\u00ed odd\u011blen\u00ed<\/p>\n<p>Kate\u0159ina Chlebn\u00e1 &#8211; evidence plateb n\u00e1jemn\u00e9ho, \u00fa\u010detn\u00ed<br \/>\n739\u00a0204 979<br \/>\nkaterina.chlebna@sbdbilina. cz<\/p>\n<p>Technick\u00fd \u00fasek<\/p>\n<p>Romana Vondr\u00e1\u010dkov\u00e1 &#8211; odborn\u00fd referent, technik<br \/>\n733 734 808\u00a0 \u00a0 [&#8230;]<\/p>\n","protected":false},"author":1,"featured_media":0,"parent":0,"menu_order":0,"comment_status":"open","ping_status":"open","template":"","meta":{"footnotes":""},"class_list":["post-13","page","type-page","status-publish","hentry"],"_links":{"self":[{"href":"https:\/\/www.sbdbilina.cz\/index.php?rest_route=\/wp\/v2\/pages\/13","targetHints":{"allow":["GET"]}}],"collection":[{"href":"https:\/\/www.sbdbilina.cz\/index.php?rest_route=\/wp\/v2\/pages"}],"about":[{"href":"https:\/\/www.sbdbilina.cz\/index.php?rest_route=\/wp\/v2\/types\/page"}],"author":[{"embeddable":true,"href":"https:\/\/www.sbdbilina.cz\/index.php?rest_route=\/wp\/v2\/users\/1"}],"replies":[{"embeddable":true,"href":"https:\/\/www.sbdbilina.cz\/index.php?rest_route=%2Fwp%2Fv2%2Fcomments&post=13"}],"version-history":[{"count":47,"href":"https:\/\/www.sbdbilina.cz\/index.php?rest_route=\/wp\/v2\/pages\/13\/revisions"}],"predecessor-version":[{"id":899,"href":"https:\/\/www.sbdbilina.cz\/index.php?rest_route=\/wp\/v2\/pages\/13\/revisions\/899"}],"wp:attachment":[{"href":"https:\/\/www.sbdbilina.cz\/index.php?rest_route=%2Fwp%2Fv2%2Fmedia&parent=13"}],"curies":[{"name":"wp","href":"https:\/\/api.w.org\/{rel}","templated":true}]}}