{"id":11,"date":"2011-03-17T13:33:21","date_gmt":"2011-03-17T13:33:21","guid":{"rendered":"http:\/\/localhost\/sbdb\/?page_id=11"},"modified":"2024-07-02T07:23:49","modified_gmt":"2024-07-02T07:23:49","slug":"dulezita-telefonni-cisla","status":"publish","type":"page","link":"https:\/\/www.sbdbilina.cz\/?page_id=11","title":{"rendered":"D\u016fle\u017eit\u00e1 telefonn\u00ed \u010d\u00edsla"},"content":{"rendered":"<table border=\"1\" width=\"500\" cellspacing=\"0\" cellpadding=\"6\" align=\"center\">\n<tbody>\n<tr>\n<th colspan=\"2\" align=\"left\">D\u016fle\u017eit\u00e1 telefonn\u00ed \u010c\u00cdSLA<\/th>\n<\/tr>\n<tr>\n<td><span style=\"font-family: Times New Roman;\">HASI\u010cI<\/span><br \/>\nPolicie \u010cR<br \/>\nZ\u00e1chrann\u00e1 slu\u017eba<br \/>\nIntegrovan\u00fd z\u00e1chrann\u00fd syst\u00e9m<\/p>\n<p>Hasi\u010di B\u00edlina<br \/>\nPolicie B\u00edlina<br \/>\nM\u011bstsk\u00e1 policie<br \/>\nPohotovost B\u00edlina<\/p>\n<p><strong>V p\u0159\u00edpad\u011b hav\u00e1rie v dom\u011b<br \/>\nuv\u011bdomte deleg\u00e1ta va\u0161eho objektu.<\/strong><\/td>\n<td align=\"right\" valign=\"top\">150<br \/>\n158<br \/>\n155<br \/>\n112<\/p>\n<p>950\u00a0442\u00a0095<br \/>\n417 823 333<br \/>\n417 810 999<br \/>\n417 823 745<\/td>\n<\/tr>\n<\/tbody>\n<\/table>\n","protected":false},"excerpt":{"rendered":"<p>D\u016fle\u017eit\u00e1 telefonn\u00ed \u010c\u00cdSLA<\/p>\n<p>HASI\u010cI<br \/>\nPolicie \u010cR<br \/>\nZ\u00e1chrann\u00e1 slu\u017eba<br \/>\nIntegrovan\u00fd z\u00e1chrann\u00fd syst\u00e9m<\/p>\n<p>Hasi\u010di B\u00edlina<br \/>\nPolicie B\u00edlina<br \/>\nM\u011bstsk\u00e1 policie<br \/>\nPohotovost B\u00edlina<\/p>\n<p>V p\u0159\u00edpad\u011b hav\u00e1rie v dom\u011b<br \/>\nuv\u011bdomte deleg\u00e1ta va\u0161eho objektu.<br \/>\n150<br \/>\n158<br \/>\n155<br \/>\n112<\/p>\n<p>950\u00a0442\u00a0095<br \/>\n417 823 333<br \/>\n417 810 999<br \/>\n417 [&#8230;]<\/p>\n","protected":false},"author":1,"featured_media":0,"parent":13,"menu_order":0,"comment_status":"open","ping_status":"open","template":"","meta":{"footnotes":""},"class_list":["post-11","page","type-page","status-publish","hentry"],"_links":{"self":[{"href":"https:\/\/www.sbdbilina.cz\/index.php?rest_route=\/wp\/v2\/pages\/11","targetHints":{"allow":["GET"]}}],"collection":[{"href":"https:\/\/www.sbdbilina.cz\/index.php?rest_route=\/wp\/v2\/pages"}],"about":[{"href":"https:\/\/www.sbdbilina.cz\/index.php?rest_route=\/wp\/v2\/types\/page"}],"author":[{"embeddable":true,"href":"https:\/\/www.sbdbilina.cz\/index.php?rest_route=\/wp\/v2\/users\/1"}],"replies":[{"embeddable":true,"href":"https:\/\/www.sbdbilina.cz\/index.php?rest_route=%2Fwp%2Fv2%2Fcomments&post=11"}],"version-history":[{"count":6,"href":"https:\/\/www.sbdbilina.cz\/index.php?rest_route=\/wp\/v2\/pages\/11\/revisions"}],"predecessor-version":[{"id":891,"href":"https:\/\/www.sbdbilina.cz\/index.php?rest_route=\/wp\/v2\/pages\/11\/revisions\/891"}],"up":[{"embeddable":true,"href":"https:\/\/www.sbdbilina.cz\/index.php?rest_route=\/wp\/v2\/pages\/13"}],"wp:attachment":[{"href":"https:\/\/www.sbdbilina.cz\/index.php?rest_route=%2Fwp%2Fv2%2Fmedia&parent=11"}],"curies":[{"name":"wp","href":"https:\/\/api.w.org\/{rel}","templated":true}]}}